9 + -1 + (12 - 17).
17
(-6 - (5 + (-2 - 5))) + 6 + -5
-3
5 + -37 + 30 + -14
-16
Calculate (-8 - (3 + -6 - (7 - 0))) + -5.
-3
What is (-1 - (14 - 3 - 3)) + 2 + -6?
-13
What is -11 - ((64 - 70) + (-2 - 1))?
-2
Calculate -55 + 35 + 17 - (-2 - (-1 + -6)).
-8
What is the value of (9 - 6 - -6) + -14 - -3?
-2
What is 19 - ((14 - -11) + -9)?
3
Calculate 54 + -33 - 13 - 39.
-31
Evaluate -15 - (-7 - -11 - (-1 + 13)).
-7
Evaluate -319 + 337 + 0 + -15.
3
Calculate (-50 - -58) + (-2 - (5 + -10)).
11
-12 - (-34 - 8) - 13 - 50
-33
-19 + 8 + 1 + -4
-14
What is -4 - -26 - (80 + -43)?
-15
Evaluate (-5 - -4) + -6 - (-26 + 45 - 17).
-9
Evaluate -14 - ((-60 - -48) + (21 - -1)).
-24
What is the value of (-92 - -52) + (3 - -17)?
-20
Evaluate (8 - (-26 + 19)) + -5.
10
9 + (-23 - -36 - 5)
17
15 + (2 - (2 + 2) - (-5 + 6))
12
What is (4 - 9) + (5 - 13)?
-13
What is (-291 - -291) + (1 - -1) + 6?
8
11 + -10 + (1 - 7)
-5
10 + 5 + 3 + 22 + 24 + -42
22
What is the value of (1 - 0 - -6) + (4458 - 4471)?
-6
-7 - (-13 + 5 + 1 - (3 - 2))
1
What is (761 - 727) + 2 + -63?
-27
What is the value of 9 + (27 + -35 - (3 - 2) - 0)?
0
Calculate 6 - (-24 + (7 - -1) - 0).
22
What is the value of -5 + 16 + (11 - 11)?
11
What is 1 + -4 + 6 + (25 - (9 + -6))?
25
Evaluate 4 - -2 - (6 + -8 - -14).
-6
What is 238 - 239 - (3 + 1 + 0)?
-5
What is -15 + 55 + -5 - (10 - -1)?
24
Calculate 2 - (-17 - (-12 + 11)).
18
What is the value of 4 - (15 + -2 + 8 + -7)?
-10
Calculate -5 + -9 + 4 - -9 - -10.
9
-20 + 0 + (-2 - (-60 - -54))
-16
What is the value of -2 - ((22 - 10) + 2 + -4)?
-12
What is the value of -3 - (-11 + 8) - -3?
3
(-14 - 3) + (102 - 103)
-18
What is the value of 0 - (-19 + (33 - 18) + 1 + 1)?
2
Evaluate -17 - ((-3 - -14) + -14).
-14
What is the value of -25 + (3 - -32) - (-1 - 4)?
15
7 - (1 + 3 + -5) - 6
2
Calculate -2 + (17 - 0) + -511 + 502.
6
What is -21 + (-44 - (24 + -55))?
-34
Calculate (111 - 58) + -47 + 17 + 0.
23
Calculate 32 - (56 + 14 - 28).
-10
What is the value of 2 - ((-33 - -13) + 14)?
8
What is 5 + -2 - (-1 + -3 - -11)?
-4
Calculate 1 + (-43 - -13 - -21).
-8
Calculate -3 + -1 + (0 - (-2 + (12 - -2))).
-16
Evaluate -11 + -7 + 13 + 8 - 0.
3
Calculate 3 + -1 + 47 + -13 + -21.
15
Evaluate 8 - (13 + -15 + 9).
1
325 - 339 - (-10 + 1)
-5
Calculate 4 - (3 + -6 + 5 + -3 - -9).
-4
(-19 - (-1 - 21)) + 17
20
What is 12 + (-15 - (-14 - -4)) - -5?
12
What is (-3 - (3 + 0)) + 2 + 10 - 5?
1
Calculate (13 - (21 + -14)) + 17 + 6.
29
Evaluate (-1 + 1 - -5) + (-24 - -14) + -2.
-7
Calculate -10 - (28 - (-7 - -24)).
-21
What is 6 - (-3 + -5) - 3 - (23 + -21)?
9
Calculate (15 - 15) + 0 + -4 + -7.
-11
Calculate -23 - (32 + (-44 - 12)).
1
What is the value of 95 - 23 - -3 - 37?
38
What is (9 - 11) + 17 - -4?
19
Calculate (-1 + 4 - 10) + 1.
-6
What is the value of -12 + 15 - (4 - (4 + 4))?
7
Evaluate (19 + -30 - (-5 + -1)) + 34 + -4.
25
What is -10 - -10 - (12 - (2 + 0)) - 6?
-16
3 + -4 + -69 + 53
-17
What is the value of 2 + 11 + (2 - (12 - 16))?
19
Calculate -42 + -22 + 55 + -20.
-29
-24 + 1 + (-1245 - -1269)
1
What is the value of 9 - (-8 - (-2 - -4) - (-15 - 4))?
0
What is the value of 41 + -78 - -54 - 0?
17
Calculate -48 + 37 - (1 + -1 - 7).
-4
Evaluate 33 - 2 - (14 - (45 - 34)).
28
(19 - (-3 + 13)) + -12 - (-32 - -15)
14
What is 47 + 3 + -9 + -18?
23
What is 0 + -3 + 11 + (-79 - -80) + -2?
7
What is the value of 8 + -22 + 35 - 5?
16
What is 32 + -40 + (-4 - -18)?
6
What is the value of 24 + 28 + -36 + -36?
-20
Calculate 17 + 7 - 57 - -7.
-26
Calculate -22 + 14 + -2 - 0.
-10
(-1 - 13) + 3 + 51 + -6
34
-15 + -11 + 13 - (-10 + 14)
-17
What is 29 + -62 + 1 + 12?
-20
Calculate (1 - 0) + (12 - (3 - -14)) + -5.
-9
Evaluate -2 + (3 - (-15 - -23)).
-7
What is the value of (-9 + 6 - 19) + 27?
5
What is the value of -4 + 0 + -74 + (55 - -21)?
-2
Evaluate (-11 - 5) + 15 + 0 + -19.
-20
What is (-41 - -45) + 8 + 1 - 2?
11
Calculate -4 + 5 + (9 - (12 - -4)).
-6
What is 6 + (1 - -4 - (9 + -5 + 5))?
2
(168 - 166) + 0 + 8 + -1
9
Evaluate -4 - (12 - ((2 - 10) + 12) - 8).
-4
8 - (-3 + (2 + -5 - -9))
5
What is (43 - 37) + (-3 - -3 - -6 - 3)?
9
What is 9 + (-30 - -26) + -7?
-2
Calculate -4 + (2 - -5 - 0) + -17 - 1.
-15
Calculate (3 - 1) + (0 + 0 - (182 - 187)).
7
What is (-11 + 11 - (-11 - 4)) + -9?
6
What is 49 + (-44 - -11) + (-8 - 1)?
7
What is the value of 2 - (-22 + (-10 + 11 - 6) + 7)?
22
What is the value of 1 + (2 - 2) + -220 + 214?
-5
Evaluate 4 + -21 + -6 + 12 + 11 + 0.
0
(25 + 17 - 15) + (3 - 9) + -8
13
Evaluate -3 + (-3 + 10 + -2 - (-8 - -1)).
9
22 + -16 + 10 - (-12 - -12)
16
Calculate 3 - ((-3 - -3) + 2 - -9).
-8
What is the value of -3 - (1 + (-18 - 2 - -11))?
5
(10 - 10 - (5 - -4)) + (3 - 7)
-13
Evaluate 12 + -4 + 12 + -17 + 22.
25
What is 19 + (-6 - (14 - 8 - 5))?
12
What is the value of 34 + (-15 - 12) + 18?
25
Evaluate -13 + (4 - -9) + 12 + -35.
-23
26 + (9 - (-1 + 14 - -7))
15
What is (-1 - -11) + (-13 - 11)?
-14
What is 6 - ((-5 - -3) + 4 + -6 + 3)?
7
What is the value of -7 + 5 + -8 + 18 - -4?
12
Evaluate (-7 - -1) + (1455 - 1438).
11
What is the value of 5 - 0 - (-103 + 118)?
-10
Evaluate 22 + -7 - (-83 + 86).
12
What is -3 + (7 - 8) - (-13 + 23)?
-14
Calculate 1 - 7 - (32 - 22 - 8).
-8
Calculate (-16 - -35) + -24 + 22.
17
What is the value of -17 + (43 - 56 - (-27 - -2))?
-5
Evaluate -5 + (7 - (-5 + 16)).
-9
Evaluate 1 + 10 - 8 - 7.
-4
Calculate 0 + -20 + -1 + (1365 - 1362).
-18
-194 - -203 - (17 - (-2 + 1))
-9
What is the value of -24 + (-15 - -3) + 2 + (-39 - -51)?
-22
What is 1 + 0 - (-292 - -285)?
8
Calculate 31 + 2 + -22 + -18.
-7
(4 - -17) + 8 + -5 - (4 + 0)
20
Calculate 1 + (-1 - 3) + 20 + -22 + 13.
8
Evaluate 7 + 4 + -17 - (-2 + -1 + -2).
-1
What is the value of -16 + 0 + (-44 - -64)?
4
(-22 - (21 + -35)) + (5 - -2)
-1
Calculate 2 + ((7 - 4) + 3 - (-5 - -5)).
8
What is the value of -45 - (-21 + 5) - -29?
0
Evaluate (4 - 4) + 6 + (8 - 0).
14
What is 4 + -11 + (14 - 13)?
-6
16 - -4 - (-11 + 28 - 8)
11
What is the value of -2 - -32 - (1588 - 1522)?
-36
Calculate 30 + (-83 - (8 + -39)).
-22
-9 - -11 - (12 - -1)
-11
What is the value of 22 + -30 - (-7 + 6 + -24)?
17
What is 35 - (11 - -6) - -1?
19
What is the value of -12 + -2 - (-40 + -17 - -9)?
34
Evaluate -35 + 21 + -12 + -7.
-33
(-114 - -118) + (-1 + (-2 - -3) - 0)
4
-75 + 8 + 68 - (1 - 15)
15
1530 - 1532 - (0 - (0 + (2 - -21)))
21
Calculate -7 + -7 + -2 + 19.
3
What is the value of -7 + 12 + 19 + -4 + -10?
10
1 - -2 - (25 + (3 - 14))
-11
Evaluate (-109 - -116) + (-2 - -12).
17
Evaluate 3 + 4 + -3 + -1 + -10.
-7
31 + -24 + (-19 - (4 - 4 - 6))
-6
What is the value of (175 - 162) + (-1 - (2 - -1)) + 3?
12
What is the value of -12 + 10 - (-11 - -6 - 8)?
11
(-1 - (2 + 7) - (13 - 10)) + 3
-10
-1 + (16 - (16 - 8))
7
-3 + -10 + -3 - (-61 + 53)
-8
What is -1 + 4 + (2 - -6 - (5 - -12))?
-6
Evaluate -2 + (5 - (-22 - -15)).
10
Calculate -35 - -47 - (9 - 0) - (-3 + 8).
-2
Evaluate 12 + -2 + 7 + -2.
15
What is the value of ((-10 - -16) + -3 - -6) + -10?
-1
Calculate -3 - (-25 - (9 + (-20 - -2))).
13
What is the value of -2 - (2 + 8) - (-1 - (5 + -1))?
-7
What is 21 + -8 - -3 - 6?
10
Evaluate -9 - ((-1 - 23) + 112 + -104).
7
0 + ((-13 - 3) + (1 - 5) - 4)
-24
What is the value of -7 + 12 + -14 + 18?
9
Calculate (-5 - 6) + -18 + (10 - 6) + -1.
-26
Calculate -3 - 2 - (-20 + 19 + 0).
-4
Evaluate -5 + -1 + -6 + 1 + -11 + 14.
-8
11 + -12 + (-13 + 3 - -3) + 4
-4
What is (22 - 20 - 12) + (2 - (5 + 0))?
-13
What is the value of (2 - -3) + -78 + 51 + 51?
29
What is the value of -1 - (1 + -5) - (31 + -143 + 109)?
6
What is the value of 6 - 17 - 17 - -12?
-16
Calculate -8 + -7 + (9 + -10 - -3).
-13
-2 + -42 - (806 + -824)
-26
What is -4 + 20 + (1 - 1) - (8 - 19)?
27
What is the value of -9 + (12 + -4 - (-10 - 12))?
21
-10 + -9 - (-2 + 7 + -9)
-15
Calculate (7 - -6) + -23 + (-3 - -21) + -23.
-15
Evaluate 0 + (-16 - (8 + -1 - 10)).
-13
Evaluate 1 + 1 + (6 + -8 - 4 - 8).
-12
Evaluate 4 - 9 - (8 + 5 - 20).
2
Calculate -7 - -4 - 1 - -31.
27
2 + (-2 - 1) - (-8 - (13 - 25))
-5
Calculate 3 + 2 - ((-12 - (-5 + -3)) + 10).
-1
What is the value of 16 - (-9 - -19) - 8?
-2
What is the value of -21 + 14 - (-12 + 1)?
4
-6 + (28 - 11) + 6
17
What is (1 - (-3 + -11)) + (-12 - -26)?
29
720 - 727 - (-1 + -5 - (-2 - -1))
-2
What is the value of 28 + -15 - 16 - (-5 - (-4 - -2)